mainder when 118 is divided by n?
4
Suppose h = -5, -4*k + 249 = -2*h - 3*h. What is the remainder when k is divided by -2*3/(6/(-29))?
27
Let c be (-3)/12 - 21/(-4). Suppose -2 = -4*h - 6, c*h + 930 = 5*p. Calculate the remainder when p is divided by 47.
44
Suppose m - 103 = -3*z - 7, 5*z - 25 = 0. What is the remainder when m is divided by 17?
13
Let j(b) = b**3 + 14*b**2 - 11*b - 39. What is the remainder when j(-9) is divided by 52?
49
Suppose 3*k - 2*l = 109, l + 61 = 2*k + 2*l. Calculate the remainder when k is divided by (-189)/(-18) + (-6)/4.
6
What is the remainder when (-3807)/(-8) + 10/80 is divided by 16?
12
Suppose -10*t + 16 = -6*t. Suppose -2*r - 126 = -t*y, 3*r - 5*r - 128 = -2*y. Let i = -36 - r. What is the remainder when i is divided by 15?
14
Suppose -430 = -5*j + 3*u - 27, 5*j + 5*u - 395 = 0. Suppose -2*b + 2*m + j = 0, 2*b = 5*m + 43 + 37. What is the remainder when 197 is divided by b?
37
Suppose 2969*m + 171 = 2972*m. Calculate the remainder when m is divided by 30.
27
What is the remainder when 81 is divided by (4/(-8))/(956/240 - 4)?
21
Let n = -136 + 144. What is the remainder when 39 is divided by n?
7
Let l = -27 + 22. Let g(x) = x**3 + 5*x**2 - 11*x + 4. Calculate the remainder when g(l) is divided by 20.
19
Suppose 171*n - 161*n - 2140 = 0. What is the remainder when n is divided by 24?
22
Suppose 16*p = 26*p - 60. Let z = 13 - 9. Suppose -3*v + z*t = -83, -2*v = 2*t - 16 - 16. Calculate the remainder when v is divided by p.
3
Suppose 5*x + 21 + 9 = 0. Let t = 4 + x. What is the remainder when 3 is divided by ((-8)/16)/(t/4)?
0
Suppose -4573 - 561 = -34*m. What is the remainder when 304 is divided by m?
2
Suppose 3*p - a - 10 = 0, 3*a = 5*a - 10. Let b = -8 + 50. Suppose 0 = 4*n - 2*i - b, 5*i - 1 = n + 11. What is the remainder when n is divided by p?
3
Let z = 92 + -42. Let r be (-4)/(-12) + 2/3. Suppose 16 = i - r. Calculate the remainder when z is divided by i.
16
Let t(k) = -12*k - 9. Suppose -148 = -6*c + 50. Calculate the remainder when t(-6) is divided by c.
30
Suppose 23 = v + 34. Let j(n) = -n**3 - 10*n**2 + 13*n + 36. Calculate the remainder when j(v) is divided by 8.
6
Suppose -x = -5, -19 = -y + 4*x - 3*x. Calculate the remainder when 261 is divided by y.
21
Let l(f) = f**3 - 6*f**2 + 5*f + 4. Let o be l(5). Let n be o/(-1 - -5) - -2. Suppose -n*w + 8*w = 230. Calculate the remainder when w is divided by 12.
10
Let c(g) = g**3 - g + 1. Let p be c(1). Suppose 0 = 3*i + 13 - p. What is the remainder when (i - -2 - -22) + 1 is divided by 11?
10
Let s be 11 + (-7 + 1 - -3). Suppose -4*c + 6*c - s = 0. Let h = c - -14. What is the remainder when 52 is divided by h?
16
Let p = 431 - 312. Calculate the remainder when p is divided by 25.
19
Let u(n) = 65*n - 30. Let q(f) = f**2 + f - 3. Calculate the remainder when u(1) is divided by q(3).
8
Suppose 3*j + j + 16 = 0. Let y(o) = 2*o**2 + o + 5. What is the remainder when 3 + (-8)/j*2 is divided by y(0)?
2
Let m(r) = -18*r**3 - 340*r**2 + 35*r - 32. Suppose -j = -1 - 8. What is the remainder when m(-19) is divided by j?
7
Suppose -3*a + 1 = -2. Let k be (22 - 15) + a*-3. Suppose -117 - 31 = -k*g. Calculate the remainder when g is divided by 13.
11
Let j(b) = b**3 + 15*b**2 - 20*b - 31. What is the remainder when 327 is divided by j(-16)?
30
Calculate the remainder when 22 is divided by (5/2)/(13/26).
2
Calculate the remainder when 121 is divided by 6/(-14) - (-9120)/210.
35
Calculate the remainder when 202 is divided by 1/((-65)/426 + (-70)/(-420)).
60
Let d be 13*(4/2)/(-2). Let x = d - -93. Calculate the remainder when x is divided by 41.
39
Let l = -262 - -331. Let h = 38 - 5. Suppose -2*j = n + 11 - h, j + 1 = 0. What is the remainder when l is divided by n?
21
Let l(n) = -2*n**3 - 73*n**2 + 28*n - 313. Suppose -3*s = 13 - 112. Calculate the remainder when s is divided by l(-37).
13
Suppose -15*n = -10*n - 300. Suppose -93*a + n = -88*a. What is the remainder when 47 is divided by a?
11
Calculate the remainder when 77 is divided by 6/(-24) - (-371)/28.
12
Let x(z) = z**2 + 7*z - 6. Let s be x(-8). Let j(u) = 8*u + 6*u - 7*u - 2. Calculate the remainder when 23 is divided by j(s).
11
Let i = -11 + 13. Suppose i*b + 3*t + 59 = 0, 0 = b + 4*t + 17 + 10. Let u = b + 54. Calculate the remainder when u is divided by 8.
7
Suppose 5*c - i - 3*i = 32, -2*c + 5*i + 6 = 0. Suppose -7*f - 39 = -8*f. Calculate the remainder when f is divided by c.
7
Let p be (-9)/3*4/(-3). Suppose -2 = -2*q + p. Suppose 0 = -i - 5*g + 26, 0*i - 5*i + 3*g = 10. What is the remainder when q is divided by i?
0
Suppose 3*z - 2592 = -2088. Calculate the remainder when z is divided by 17.
15
Suppose -2*p = -13 - 5. Let b(i) = 7*i - 4. Let m be b(p). Suppose -m = -6*x + 67. Calculate the remainder when 39 is divided by x.
18
Suppose -2*p + 2*l = -102, 1 = 5*l + 11. What is the remainder when p is divided by 38?
11
Let g(x) = -x**3 - 3*x**2 + 3*x + 4. Let c be g(-4). Let m = 47 - 32. What is the remainder when ((-86)/(-4))/(4/c) is divided by m?
13
What is the remainder when 3572/57 + (-15)/9 is divided by 31?
30
Suppose 9 = -2*i + 4*w + 29, -5*w = i - 38. Let j be 30/(-7)*14*(-14)/4. Suppose -j = -137*o + 131*o. Calculate the remainder when o is divided by i.
17
Suppose -5*y = 2*j - 136, 0 = j + 3*y - 45 - 21. Suppose 3*w = t + 53, 24 + 20 = 4*w + 4*t. What is the remainder when j is divided by w?
14
Suppose y = -46 + 6. Suppose 24*t = 80*t + 3752. Let c = y - t. Calculate the remainder when 52 is divided by c.
25
Let d = -29 - -34. Suppose -d*h + 374 = 139. Calculate the remainder when h is divided by 24.
23
Let y(a) = -a**3 - 3*a**2 + a - 9. Let f be y(-4). Suppose 40 = f*h - 26. Calculate the remainder when h is divided by 13.
9
Suppose -4*q + 3*n + 40 + 246 = 0, 4*n - 342 = -5*q. Calculate the remainder when 177 is divided by q.
37
Let a(k) = k**2 + k + 76. Let r(w) = -w**3 - 83*w**2 + 359*w - 18. Calculate the remainder when a(0) is divided by r(4).
24
Suppose 3*k = 2*m + 8, 0*m - 3*k - 12 = 3*m. What is the remainder when (-7 - (m - -1)) + 47 is divided by 11?
10
Let p(l) = -l**3 - 16*l**2 + 34*l + 5. What is the remainder when 113 is divided by p(-18)?
31
Suppose 0*y - 2*y = -5*k + 233, 5*k - 240 = -5*y. Let r = 1267 + -1254. Calculate the remainder when k is divided by r.
8
Let k(d) = -12*d**2 + 119*d - 17. Calculate the remainder when 226 is divided by k(9).
62
Suppose 0 = -4*l - 4*v - 8, -32*l - 7 = -31*l + 2*v. Let m = 12 + -7. Suppose m = l*r - 61. What is the remainder when 65 is divided by r?
21
What is the remainder when 157 is divided by ((-129)/(-2) - 8) + 12/(-8)?
47
Let c = 12 - 9. Suppose -49 = -3*d + 4*w - 11, -c*d - w + 58 = 0. What is the remainder when 32 is divided by d?
14
Suppose 8*y = 13 + 99. Calculate the remainder when 41 is divided by y.
13
Let o(u) be the second derivative of -u**4/12 + u**3/3 + 3*u**2 - u. Let r be o(0). What is the remainder when r/(-4)*(-948)/18 is divided by 20?
19
Let m(g) = g**3 + g**2 - 2*g. Let o be m(2). Let q be 1932/16 - 6/o. Suppose c = 5*c - q. Calculate the remainder when c is divided by 16.
14
Let h = 57 + -48. Let q = h + 6. What is the remainder when q is divided by (22 - 1)/3 + -1?
3
Suppose -18 - 270 = -12*k. Calculate the remainder when 45 is divided by k.
21
Let t(b) = 32*b**2 - 21*b - 53. Calculate the remainder when t(-5) is divided by 61.
59
Let a(n) = -135*n + 329. Calculate the remainder when a(-10) is divided by 29.
26
Let y be 74/14 + 10/(-35). Let t(n) = n**2 - n - 9. Let d be t(y). Suppose 6*g + 25 = d*g. Calculate the remainder when 11 is divided by g.
1
Suppose -4*f + 3*b = 192, 5*b - 200 = 4*f + 4*b. Let i be 1 + f/(1 - 2). Suppose 2*c = i + 30. What is the remainder when c is divided by 14?
13
Let g(d) be the second derivative of d**4/12 - 7*d**3/6 + 9*d**2/2 + 7*d. What is the remainder when g(8) is divided by (2 + -1)/(4/40)?
7
Calculate the remainder when 12 - 1 - (-3840)/24 is divided by 41.
7
Let j be (-48)/20 - (-4)/10. Calculate the remainder when (6/(-9))/(j/57) is divided by -33*(-4)/8*4/6.
8
Suppose 2*s = o - 8, 28 = 5*o - 8*s + 4*s. Suppose 0 = 5*m + n - 25, 5*n - o = m + 17. What is the remainder when (-1)/(-2) + (-51)/(-6) is divided by m?
1
Let z = -36 - -56. Let l = 32 - z. Calculate the r